{"id":13,"date":"2023-08-28T10:10:58","date_gmt":"2023-08-28T10:10:58","guid":{"rendered":"https:\/\/ergo.hochulisolution.ch\/?page_id=13"},"modified":"2024-02-08T13:08:23","modified_gmt":"2024-02-08T13:08:23","slug":"startseite","status":"publish","type":"page","link":"https:\/\/ergo-daheim.ch\/","title":{"rendered":"Ergo Daheim"},"content":{"rendered":"\n<blockquote class=\"wp-block-quote has-text-align-center is-style-default has-light-green-cyan-background-color has-background is-layout-flow wp-block-quote-is-layout-flow\">\n<p>Give a man a fish, and you feed him for a day. Teach a man to fish, and you feed him for a lifetime.<\/p>\n<cite>Chinese proverb<br><\/cite><\/blockquote>\n\n\n\n<h3 class=\"wp-block-heading\">Ergotherapie<\/h3>\n\n\n\n<p>Ergotherapie ist eine ganzheitlich ausgerichtete medizinische Behandlung,&nbsp;die physiologische, psychologische, p\u00e4dagogische und&nbsp;soziale Aspekte einbezieht.<\/p>\n\n\n\n<p>Sie hat zum Ziel, in allen Bereichen der&nbsp;pers\u00f6nlichen, h\u00e4uslichen und beruflichen Lebensf\u00fchrung gr\u00f6sstm\u00f6gliche&nbsp;Handlungskompetenz, Selbstst\u00e4ndigkeit und Lebensqualit\u00e4t&nbsp;des Klienten&nbsp;zu erreichen.<\/p>\n\n\n\n<p>Ergotherapie wird \u00e4rztlich verordnet.&nbsp;Die Behandlungskosten werden als Pflichtleistung von Krankenkassen&nbsp;und Unfallversicherungen \u00fcbernommen.<\/p>\n\n\n\n<div class=\"wp-block-group has-base-color has-vivid-cyan-blue-background-color has-text-color has-background has-global-padding is-layout-constrained wp-block-group-is-layout-constrained\" style=\"border-radius:6px\">\n<p><strong>Ergo Daheim<\/strong><\/p>\n\n\n\n<ul class=\"wp-block-list\">\n<li>Die Praxis ist rollstuhlg\u00e4ngig<\/li>\n\n\n\n<li>Parkpl\u00e4tze sind direkt vor dem Haus vorhanden<\/li>\n\n\n\n<li>Ich spreche fliessend Deutsch und Englisch<\/li>\n<\/ul>\n<\/div>\n\n\n\n<figure class=\"wp-block-image size-full\"><img loading=\"lazy\" decoding=\"async\" width=\"945\" height=\"709\" src=\"https:\/\/ergo-daheim.ch\/wp-content\/uploads\/2023\/08\/home.jpg\" alt=\"\" class=\"wp-image-35\" srcset=\"https:\/\/ergo-daheim.ch\/wp-content\/uploads\/2023\/08\/home.jpg 945w, https:\/\/ergo-daheim.ch\/wp-content\/uploads\/2023\/08\/home-300x225.jpg 300w, https:\/\/ergo-daheim.ch\/wp-content\/uploads\/2023\/08\/home-768x576.jpg 768w\" sizes=\"auto, (max-width: 945px) 100vw, 945px\" \/><\/figure>\n\n\n\n<div class=\"wp-block-columns is-layout-flex wp-container-core-columns-is-layout-28f84493 wp-block-columns-is-layout-flex\">\n<div class=\"wp-block-column is-layout-flow wp-block-column-is-layout-flow\">\n<figure class=\"wp-block-image size-full\"><img loading=\"lazy\" decoding=\"async\" width=\"1620\" height=\"1080\" src=\"https:\/\/ergo-daheim.ch\/wp-content\/uploads\/2024\/02\/DSC_0876.jpg\" alt=\"\" class=\"wp-image-145\" srcset=\"https:\/\/ergo-daheim.ch\/wp-content\/uploads\/2024\/02\/DSC_0876.jpg 1620w, https:\/\/ergo-daheim.ch\/wp-content\/uploads\/2024\/02\/DSC_0876-300x200.jpg 300w, https:\/\/ergo-daheim.ch\/wp-content\/uploads\/2024\/02\/DSC_0876-1024x683.jpg 1024w, https:\/\/ergo-daheim.ch\/wp-content\/uploads\/2024\/02\/DSC_0876-768x512.jpg 768w, https:\/\/ergo-daheim.ch\/wp-content\/uploads\/2024\/02\/DSC_0876-1536x1024.jpg 1536w\" sizes=\"auto, (max-width: 1620px) 100vw, 1620px\" \/><\/figure>\n<\/div>\n\n\n\n<div class=\"wp-block-column has-light-green-cyan-background-color has-background is-layout-flow wp-block-column-is-layout-flow\">\n<p class=\"has-small-font-size\"><strong>Ergotherapie<br><\/strong>&#8211; ist zielorientiert<br>&#8211; ben\u00f6tigt die Beteiligung des Klienten<br>&#8211; ist ausgerichtet um Defizite zu vermeiden oder vermindern<br>&#8211; verbessert die Funktion und Lebensqualit\u00e4t<br>&#8211; wiederspiegelt die Lebenseinstellung und Interessen des Klienten<br>&#8211; ist individuell adaptierbar und in einzelne Schritte aufteilbar<br>&#8211; ist bestimmt durch das professionelle Urteil der Ergotherapeutin auf der Grundlage ihres erworbenen Wissens<\/p>\n<\/div>\n<\/div>\n","protected":false},"excerpt":{"rendered":"<p>Give a man a fish, and you feed him for a day. Teach a man to fish, and you feed him for a lifetime. Chinese proverb Ergotherapie Ergotherapie ist eine ganzheitlich ausgerichtete medizinische Behandlung,&nbsp;die physiologische, psychologische, p\u00e4dagogische und&nbsp;soziale Aspekte einbezieht. Sie hat zum Ziel, in allen Bereichen der&nbsp;pers\u00f6nlichen, h\u00e4uslichen und beruflichen Lebensf\u00fchrung gr\u00f6sstm\u00f6gliche&nbsp;Handlungskompetenz, Selbstst\u00e4ndigkeit und [&hellip;]<\/p>\n","protected":false},"author":1,"featured_media":0,"parent":0,"menu_order":0,"comment_status":"closed","ping_status":"closed","template":"","meta":{"footnotes":""},"class_list":["post-13","page","type-page","status-publish","hentry"],"_links":{"self":[{"href":"https:\/\/ergo-daheim.ch\/index.php?rest_route=\/wp\/v2\/pages\/13","targetHints":{"allow":["GET"]}}],"collection":[{"href":"https:\/\/ergo-daheim.ch\/index.php?rest_route=\/wp\/v2\/pages"}],"about":[{"href":"https:\/\/ergo-daheim.ch\/index.php?rest_route=\/wp\/v2\/types\/page"}],"author":[{"embeddable":true,"href":"https:\/\/ergo-daheim.ch\/index.php?rest_route=\/wp\/v2\/users\/1"}],"replies":[{"embeddable":true,"href":"https:\/\/ergo-daheim.ch\/index.php?rest_route=%2Fwp%2Fv2%2Fcomments&post=13"}],"version-history":[{"count":6,"href":"https:\/\/ergo-daheim.ch\/index.php?rest_route=\/wp\/v2\/pages\/13\/revisions"}],"predecessor-version":[{"id":148,"href":"https:\/\/ergo-daheim.ch\/index.php?rest_route=\/wp\/v2\/pages\/13\/revisions\/148"}],"wp:attachment":[{"href":"https:\/\/ergo-daheim.ch\/index.php?rest_route=%2Fwp%2Fv2%2Fmedia&parent=13"}],"curies":[{"name":"wp","href":"https:\/\/api.w.org\/{rel}","templated":true}]}}