{"id":17,"date":"2023-08-28T15:03:37","date_gmt":"2023-08-28T15:03:37","guid":{"rendered":"https:\/\/ergo.hochulisolution.ch\/?page_id=17"},"modified":"2024-02-08T13:13:51","modified_gmt":"2024-02-08T13:13:51","slug":"kontakt","status":"publish","type":"page","link":"https:\/\/ergo-daheim.ch\/?page_id=17","title":{"rendered":"Kontakt"},"content":{"rendered":"\n<div class=\"wp-block-columns is-layout-flex wp-container-core-columns-is-layout-28f84493 wp-block-columns-is-layout-flex\">\n<div class=\"wp-block-column is-layout-flow wp-block-column-is-layout-flow\">\n<div class=\"wpcf7 no-js\" id=\"wpcf7-f65-o1\" lang=\"de-CH\" dir=\"ltr\" data-wpcf7-id=\"65\">\n<div class=\"screen-reader-response\"><p role=\"status\" aria-live=\"polite\" aria-atomic=\"true\"><\/p> <ul><\/ul><\/div>\n<form action=\"\/index.php?rest_route=%2Fwp%2Fv2%2Fpages%2F17#wpcf7-f65-o1\" method=\"post\" class=\"wpcf7-form init\" aria-label=\"Contact form\" novalidate=\"novalidate\" data-status=\"init\">\n<fieldset class=\"hidden-fields-container\"><input type=\"hidden\" name=\"_wpcf7\" value=\"65\" \/><input type=\"hidden\" name=\"_wpcf7_version\" value=\"6.1.5\" \/><input type=\"hidden\" name=\"_wpcf7_locale\" value=\"de_CH_informal\" \/><input type=\"hidden\" name=\"_wpcf7_unit_tag\" value=\"wpcf7-f65-o1\" \/><input type=\"hidden\" name=\"_wpcf7_container_post\" value=\"0\" \/><input type=\"hidden\" name=\"_wpcf7_posted_data_hash\" value=\"\" \/>\n<\/fieldset>\n<p><label> Ihr Name<br \/>\n<span class=\"wpcf7-form-control-wrap\" data-name=\"your-name\"><input size=\"40\" maxlength=\"400\" class=\"wpcf7-form-control wpcf7-text wpcf7-validates-as-required\" autocomplete=\"name\" aria-required=\"true\" aria-invalid=\"false\" value=\"\" type=\"text\" name=\"your-name\" \/><\/span> <\/label>\n<\/p>\n<p><label> Ihre E-Mail Adresse<br \/>\n<span class=\"wpcf7-form-control-wrap\" data-name=\"your-email\"><input size=\"40\" maxlength=\"400\" class=\"wpcf7-form-control wpcf7-email wpcf7-validates-as-required wpcf7-text wpcf7-validates-as-email\" autocomplete=\"email\" aria-required=\"true\" aria-invalid=\"false\" value=\"\" type=\"email\" name=\"your-email\" \/><\/span> <\/label>\n<\/p>\n<p><label> Betreff<br \/>\n<span class=\"wpcf7-form-control-wrap\" data-name=\"your-subject\"><input size=\"40\" maxlength=\"400\" class=\"wpcf7-form-control wpcf7-text wpcf7-validates-as-required\" aria-required=\"true\" aria-invalid=\"false\" value=\"\" type=\"text\" name=\"your-subject\" \/><\/span> <\/label>\n<\/p>\n<p><label> Ihre Nachricht<br \/>\n<span class=\"wpcf7-form-control-wrap\" data-name=\"area\"><input size=\"40\" maxlength=\"400\" class=\"wpcf7-form-control wpcf7-text wpcf7-validates-as-required\" aria-required=\"true\" aria-invalid=\"false\" value=\"\" type=\"text\" name=\"area\" \/><\/span> <\/label>\n<\/p>\n<p><input class=\"wpcf7-form-control wpcf7-submit has-spinner\" type=\"submit\" value=\"Submit\" \/>\n<\/p><div class=\"wpcf7-response-output\" aria-hidden=\"true\"><\/div>\n<\/form>\n<\/div>\n\n<\/div>\n\n\n\n<div class=\"wp-block-column is-layout-flow wp-block-column-is-layout-flow\">\n<p>Kontaktaufnahme<\/p>\n\n\n\n<p>Mit dem&nbsp;Kontaktformular, k\u00f6nnen Sie mich jederzeit schriftlich erreichen.<br>Schreiben Sie mir Ihr Anliegen.<br>Gerne melde ich mich schnellstm\u00f6glich bei Ihnen.<\/p>\n\n\n\n<p>Besten Dank f\u00fcr Ihre Anfrage.<\/p>\n\n\n\n<p>Ergo Daheim<\/p>\n\n\n\n<p>Kristina Runyon<\/p>\n\n\n\n<p>Fluhgasse 15<\/p>\n\n\n\n<p>4207 Bretzwil<\/p>\n\n\n\n<p>Tel. 061 701 48 04<\/p>\n\n\n\n<p>E-Mail: <a href=\"mailto:info@ergo-daheim.ch\">info@ergo-daheim.ch<\/a><\/p>\n\n\n\n<p>Verschl\u00fcsseltes E-Mail: <a href=\"mailto:kristina.runyon@hin.ch\">kristina.runyon@hin.ch<\/a><\/p>\n<\/div>\n<\/div>\n\n\n\n<figure class=\"wp-block-gallery has-nested-images columns-default is-cropped wp-block-gallery-1 is-layout-flex wp-block-gallery-is-layout-flex\">\n<figure class=\"wp-block-image size-large\"><img loading=\"lazy\" decoding=\"async\" width=\"1024\" height=\"768\" data-id=\"140\" src=\"https:\/\/ergo-daheim.ch\/wp-content\/uploads\/2024\/02\/IMG_5285-1024x768.jpg\" alt=\"\" class=\"wp-image-140\" srcset=\"https:\/\/ergo-daheim.ch\/wp-content\/uploads\/2024\/02\/IMG_5285-1024x768.jpg 1024w, https:\/\/ergo-daheim.ch\/wp-content\/uploads\/2024\/02\/IMG_5285-300x225.jpg 300w, https:\/\/ergo-daheim.ch\/wp-content\/uploads\/2024\/02\/IMG_5285-768x576.jpg 768w, https:\/\/ergo-daheim.ch\/wp-content\/uploads\/2024\/02\/IMG_5285-1536x1152.jpg 1536w, https:\/\/ergo-daheim.ch\/wp-content\/uploads\/2024\/02\/IMG_5285-2048x1536.jpg 2048w\" sizes=\"auto, (max-width: 1024px) 100vw, 1024px\" \/><\/figure>\n\n\n\n<figure class=\"wp-block-image size-large\"><img loading=\"lazy\" decoding=\"async\" width=\"1024\" height=\"683\" data-id=\"142\" src=\"https:\/\/ergo-daheim.ch\/wp-content\/uploads\/2024\/02\/DSC_0049-1024x683.jpg\" alt=\"\" class=\"wp-image-142\" srcset=\"https:\/\/ergo-daheim.ch\/wp-content\/uploads\/2024\/02\/DSC_0049-1024x683.jpg 1024w, https:\/\/ergo-daheim.ch\/wp-content\/uploads\/2024\/02\/DSC_0049-300x200.jpg 300w, https:\/\/ergo-daheim.ch\/wp-content\/uploads\/2024\/02\/DSC_0049-768x512.jpg 768w, https:\/\/ergo-daheim.ch\/wp-content\/uploads\/2024\/02\/DSC_0049-1536x1024.jpg 1536w, https:\/\/ergo-daheim.ch\/wp-content\/uploads\/2024\/02\/DSC_0049.jpg 1620w\" sizes=\"auto, (max-width: 1024px) 100vw, 1024px\" \/><\/figure>\n<\/figure>\n","protected":false},"excerpt":{"rendered":"<p>Kontaktaufnahme Mit dem&nbsp;Kontaktformular, k\u00f6nnen Sie mich jederzeit schriftlich erreichen.Schreiben Sie mir Ihr Anliegen.Gerne melde ich mich schnellstm\u00f6glich bei Ihnen. Besten Dank f\u00fcr Ihre Anfrage. Ergo Daheim Kristina Runyon Fluhgasse 15 4207 Bretzwil Tel. 061 701 48 04 E-Mail: info@ergo-daheim.ch Verschl\u00fcsseltes E-Mail: kristina.runyon@hin.ch<\/p>\n","protected":false},"author":1,"featured_media":0,"parent":0,"menu_order":0,"comment_status":"closed","ping_status":"closed","template":"","meta":{"footnotes":""},"class_list":["post-17","page","type-page","status-publish","hentry"],"_links":{"self":[{"href":"https:\/\/ergo-daheim.ch\/index.php?rest_route=\/wp\/v2\/pages\/17","targetHints":{"allow":["GET"]}}],"collection":[{"href":"https:\/\/ergo-daheim.ch\/index.php?rest_route=\/wp\/v2\/pages"}],"about":[{"href":"https:\/\/ergo-daheim.ch\/index.php?rest_route=\/wp\/v2\/types\/page"}],"author":[{"embeddable":true,"href":"https:\/\/ergo-daheim.ch\/index.php?rest_route=\/wp\/v2\/users\/1"}],"replies":[{"embeddable":true,"href":"https:\/\/ergo-daheim.ch\/index.php?rest_route=%2Fwp%2Fv2%2Fcomments&post=17"}],"version-history":[{"count":4,"href":"https:\/\/ergo-daheim.ch\/index.php?rest_route=\/wp\/v2\/pages\/17\/revisions"}],"predecessor-version":[{"id":152,"href":"https:\/\/ergo-daheim.ch\/index.php?rest_route=\/wp\/v2\/pages\/17\/revisions\/152"}],"wp:attachment":[{"href":"https:\/\/ergo-daheim.ch\/index.php?rest_route=%2Fwp%2Fv2%2Fmedia&parent=17"}],"curies":[{"name":"wp","href":"https:\/\/api.w.org\/{rel}","templated":true}]}}